4
Calculate the remainder when 901 is divided by 252.
145
What is the remainder when 156564 is divided by 699?
687
Calculate the remainder when 49156 is divided by 94.
88
What is the remainder when 6660 is divided by 770?
500
Calculate the remainder when 175050 is divided by 71.
35
Calculate the remainder when 385459 is divided by 9.
7
Calculate the remainder when 222423 is divided by 786.
771
What is the remainder when 1370567 is divided by 31?
26
What is the remainder when 473042 is divided by 57?
56
Calculate the remainder when 1365 is divided by 141.
96
What is the remainder when 1372 is divided by 307?
144
What is the remainder when 865 is divided by 362?
141
Calculate the remainder when 9617 is divided by 2720.
1457
Calculate the remainder when 32574 is divided by 14.
10
What is the remainder when 536636 is divided by 10?
6
What is the remainder when 15453 is divided by 93?
15
What is the remainder when 29016 is divided by 99?
9
What is the remainder when 21720 is divided by 17?
11
Calculate the remainder when 5099 is divided by 364.
3
Calculate the remainder when 36964 is divided by 11.
4
What is the remainder when 1078 is divided by 350?
28
What is the remainder when 384 is divided by 46?
16
Calculate the remainder when 11599 is divided by 632.
223
What is the remainder when 821746 is divided by 154?
2
What is the remainder when 8840 is divided by 317?
281
Calculate the remainder when 129783 is divided by 437.
431
Calculate the remainder when 10858 is divided by 10802.
56
Calculate the remainder when 5851 is divided by 582.
31
What is the remainder when 65019 is divided by 28?
3
Calculate the remainder when 3510 is divided by 1135.
105
What is the remainder when 1567864 is divided by 6?
4
Calculate the remainder when 6755 is divided by 864.
707
Calculate the remainder when 2217 is divided by 105.
12
Calculate the remainder when 1674 is divided by 262.
102
Calculate the remainder when 1763 is divided by 452.
407
Calculate the remainder when 12273 is divided by 82.
55
Calculate the remainder when 50831 is divided by 25397.
37
Calculate the remainder when 566072 is divided by 92.
88
Calculate the remainder when 37221 is divided by 141.
138
Calculate the remainder when 13053 is divided by 919.
187
Calculate the remainder when 272149 is divided by 78.
7
What is the remainder when 45921 is divided by 21?
15
Calculate the remainder when 581 is divided by 375.
206
Calculate the remainder when 147887 is divided by 192.
47
Calculate the remainder when 81827 is divided by 77.
53
What is the remainder when 314 is divided by 216?
98
What is the remainder when 1748 is divided by 192?
20
What is the remainder when 60275 is divided by 3?
2
What is the remainder when 5299 is divided by 350?
49
What is the remainder when 17939 is divided by 225?
164
Calculate the remainder when 33350 is divided by 64.
6
Calculate the remainder when 29758 is divided by 24.
22
Calculate the remainder when 13808 is divided by 574.
32
Calculate the remainder when 95809 is divided by 55.
54
Calculate the remainder when 714 is divided by 612.
102
Calculate the remainder when 7789 is divided by 80.
29
Calculate the remainder when 14769 is divided by 7350.
69
What is the remainder when 162413 is divided by 34?
29
Calculate the remainder when 43054 is divided by 21525.
4
What is the remainder when 7321 is divided by 328?
105
Calculate the remainder when 98848 is divided by 24705.
28
Calculate the remainder when 2450 is divided by 584.
114
What is the remainder when 20735 is divided by 772?
663
Calculate the remainder when 55674 is divided by 41.
37
Calculate the remainder when 522327 is divided by 690.
687
Calculate the remainder when 3928899 is divided by 778.
777
What is the remainder when 22260 is divided by 7419?
3
What is the remainder when 60167 is divided by 668?
47
What is the remainder when 28174 is divided by 60?
34
Calculate the remainder when 24290 is divided by 191.
33
Calculate the remainder when 23580 is divided by 606.
552
What is the remainder when 677 is divided by 223?
8
What is the remainder when 7138 is divided by 1423?
23
Calculate the remainder when 57721 is divided by 54.
49
Calculate the remainder when 10340 is divided by 300.
140
Calculate the remainder when 907 is divided by 117.
88
Calculate the remainder when 14834 is divided by 2405.
404
What is the remainder when 10001 is divided by 508?
349
Calculate the remainder when 569486 is divided by 142369.
10
What is the remainder when 854962 is divided by 353?
349
Calculate the remainder when 841 is divided by 113.
50
What is the remainder when 310167 is divided by 331?
20
What is the remainder when 165177 is divided by 358?
139
What is the remainder when 4004 is divided by 76?
52
What is the remainder when 17117 is divided by 80?
77
Calculate the remainder when 16735 is divided by 5567.
34
What is the remainder when 23814399 is divided by 128?
127
What is the remainder when 1748 is divided by 867?
14
What is the remainder when 4975 is divided by 987?
40
Calculate the remainder when 549958 is divided by 149.
148
Calculate the remainder when 261162 is divided by 29018.
0
What is the remainder when 2767127 is divided by 78?
77
What is the remainder when 353 is divided by 82?
25
What is the remainder when 12820 is divided by 1068?
4
Calculate the remainder when 142197 is divided by 47382.
51
Calculate the remainder when 103401 is divided by 143.
12
What is the remainder when 478207 is divided by 64?
63
What is the remainder when 817 is divided by 18?
7
Calculate the remainder when 74854 is divided by 2673.
10
What is the remainder when 6724024 is divided by 1563?
1561
What is the remainder when 51709 is divided by 10339?
14
What is the remainder when 642 is divided by 497?
145
Calculate the remainder when 38449 is divided by 1606.
1511
Calculate the remainder when 406902 is divided by 31.
27
Calculate the remainder when 379257 is divided by 27089.
11
Calculate the remainder when 61758 is divided by 26.
8
Calculate the remainder when 4907 is divided by 232.
35
Calculate the remainder when 529 is divided by 191.
147
What is the remainder when 71944 is divided by 558?
520
What is the remainder when 2485 is divided by 597?
97
What is the remainder when 5454 is divided by 5176?
278
What is the remainder when 6270 is divided by 182?
82
Calculate the remainder when 52156 is divided by 52138.
18
Calculate the remainder when 80271 is divided by 235.
136
Calculate the remainder when 80333 is divided by 51.
8
What is the remainder when 1336 is divided by 432?
40
Calculate the remainder when 374956 is divided by 872.
868
Calculate the remainder when 9247 is divided by 153.
67
What is the remainder when 11760 is divided by 36?
24
What is the remainder when 6419 is divided by 23?
2
What is the remainder when 105651 is divided by 85?
81
Calculate the remainder when 101751 is divided by 14.
13
What is the remainder when 562734 is divided by 1321?
1309
Calculate the remainder when 180333 is divided by 180328.
5
What is the remainder when 6224 is divided by 691?
5
Calculate the remainder when 8694 is divided by 13.
10
Calculate the remainder when 23040 is divided by 28.
24
Calculate the remainder when 11717 is divided by 11709.
8
Calculate the remainder when 118781 is divided by 37.
11
Calculate the remainder when 2880 is divided by 451.
174
Calculate the remainder when 10128 is divided by 517.
305
What is the remainder when 152089 is divided by 106?
85
Calculate the remainder when 20341 is divided by 64.
53
What is the remainder when 82013 is divided by 231?
8
What is the remainder when 217272 is divided by 3950?
22
Calculate the remainder when 7308 is divided by 34.
32
What is the remainder when 4403 is divided by 83?
4
What is the remainder when 1718 is divided by 19?
8
What is the remainder when 19884 is divided by 11?
7
What is the remainder when 21543 is divided by 86?
43
What is the remainder when 21372 is divided by 125?
122
What is the remainder when 6603 is divided by 68?
7
Calculate the remainder when 1492 is divided by 388.
328
Calculate the remainder when 324335 is divided by 21.
11
Calculate the remainder when 17823 is divided by 5939.
6
What is the remainder when 6694268 is divided by 39?
35
What is the re